Determine n(q).
11
Let f(g) = g**3 + 4*g**2 - 11*g + 16. Let d = -14103 - -14097. Give f(d).
10
Let t = 43 - 41. Let x be (1/t)/(1/14). Let c(q) = 9*q - 4. Let j(w) = -5*w + 2. Let h(y) = x*j(y) + 4*c(y). Calculate h(4).
2
Let j(w) = -w**3 + 12*w**2 - 12*w + 26. Let s = -24049 - -24060. What is j(s)?
15
Let v(p) be the third derivative of 1/60*p**5 + 3/2*p**3 - 72 + 0*p + 1/8*p**4 - 2*p**2. Determine v(-6).
27
Let y be ((-1)/(-6))/((-3)/5 + (-855)/(-1350)). Let m(a) be the third derivative of 0 - 1/60*a**y - 5/3*a**3 - 1/24*a**4 - 22*a**2 + 0*a. Determine m(0).
-10
Let g(u) = -4*u**3 + 169*u**2 - 47*u + 209. Let y be g(42). Let t(v) = -21*v**2 - 2*v - 2. What is t(y)?
-21
Let d(j) = 5*j + 22. Let a = -663 + 682. Suppose -3*r - 25 = 5*m, -5*m - 1 - a = 2*r. Calculate d(r).
-3
Let d(m) = -11*m - 2*m**3 + 2 - 3*m - 10*m + 6*m + 20*m**2. Let f be d(9). Let b(n) = 2*n**3 - 4*n**2 + 2*n + 2. Give b(f).
6
Let p(c) = 158*c + 29. Let o(y) = 1461*y + 261. Let a(k) = -4*o(k) + 37*p(k). Calculate a(-4).
21
Let s = 214 + -220. Let z(j) = 13*j**2 + 9*j - 19. Let u(p) = 2*p**2 - 1. Let d(n) = s*u(n) + z(n). Let f be 72/(-7) - (-2)/7. What is d(f)?
-3
Let a(c) = c + 2. Let j(f) = f**3 - 5*f**2 + 4*f + 5. Let s be j(4). Let z = 187 + -184. Suppose -5*h = -0*h - 5*u - 35, 3*u = -s*h + z. Calculate a(h).
5
Let k(y) = -2*y - 39 + 9 + 29 + 48*y**2. Give k(-1).
49
Let f(g) = 15712*g**2 - 47133*g**2 + 6*g + 6 + 15711*g**2 + 15711*g**2. Let n(w) = w + 4. Let l be n(-7). Give f(l).
-3
Let k(q) = -q**2 - q + 271. Let u be (13 + -6 + -5)/(34/(-289)). Give k(u).
-1
Suppose -5*t - 5 = 0, -70 = z - t - 73. Let j(y) = -2*y**2 + 5*y - 3. What is j(z)?
-1
Suppose -5*u - 6 + 11 = 0. Let m(w) be the first derivative of -14*w**3/3 + w**2/2 + 2658. Give m(u).
-13
Let r(o) = o**3 - 10*o**2 + 3*o - 12. Let u(q) = 9*q**2 - 126*q - 125. Let y be u(-1). Give r(y).
18
Let p(q) = q**3 + 11*q**2 + 2*q + 10. Let y = 452 + -414. Suppose 0 = 3*k - x + y, -2*k - 5*x + 36 = -3*k. Calculate p(k).
-12
Suppose 0 = p + p - r - 18, 3*p - 5*r - 13 = 0. Let z(u) = -u**2 - 18*u. Let f(w) = 6*w**2 + 80*w - 16. Let g(c) = -f(c) - 5*z(c). Calculate g(p).
5
Let c = -35323 - -35298. Let k(f) = -f**3 - 26*f**2 - 25*f - 40. Determine k(c).
-40
Let m be (-1)/(4389/190 - 23). Let i(b) = -2*b - 42. Calculate i(m).
-22
Suppose -32*x + 162 = -286. Let n(g) = -3*g + 16. What is n(x)?
-26
Let h(i) = -63*i - 166. Let z(y) = -14*y - 41. Let w(d) = -3*h(d) + 13*z(d). Give w(17).
84
Let d(t) = t**2 - 15. Let o(l) be the third derivative of 5*l**4/24 + 23*l**3/6 + 18*l**2. Let a be o(-8). Let h = a + 17. Calculate d(h).
-15
Let g(z) = -z - 6. Let p(l) = -l - 1. Let f(i) = g(i) - 2*p(i). Let k be 55/65 + (-2)/(-13). Let r be (-1)/k*0*-1. What is f(r)?
-4
Let f(y) be the third derivative of 7*y**5/60 - 11*y**4/24 + 4*y**3/3 + 34*y**2 - 26*y. Give f(1).
4
Suppose -41*n = -18*n + 138. Let o(h) = h**2 + 8*h + 3. Let z(g) = g**2 + 8*g + 3. Let q(j) = n*z(j) + 7*o(j). Give q(-4).
-13
Let q(b) = -2*b**2 - 68*b - 4. Suppose 78*c + 4522 = -18*c - 37*c. Give q(c).
-4
Let q(x) = -x**3 - 19*x**2 - 30*x + 71. Suppose -8958*p = -8875*p + 1411. Calculate q(p).
3
Let b(j) be the second derivative of j**6/30 + j**5/120 + j**4/24 + j**3/2 - 15*j**2/2 + 2*j + 7. Let w(p) be the second derivative of b(p). Determine w(-1).
12
Let k(c) be the third derivative of -c**6/120 + 5*c**4/24 - c**3/6 + 2408*c**2. Determine k(2).
1
Suppose -4*b - 137 = 4*o - 169, 5*o - 4*b + 50 = 0. Let f(x) = 3*x**2 + 5*x - 3. Let c(m) = -3*m**2 - 6*m + 4. Let u(t) = 4*c(t) + 5*f(t). What is u(o)?
11
Let f = 124 - 122. Let k be (3/f)/(12/512). Let m(i) = -33 - i - 33 + k. Determine m(-4).
2
Let w(j) = -j + 9 - 2*j**3 - 11 - 4*j**2 + j**3. Let b be 3/((15/(-4))/(-5)). Suppose -9*p + 5*p + 4*f + b = 0, 4*f = -3*p - 32. What is w(p)?
2
Let z(q) = q**2 + 12*q + 28. Suppose -c - 244*h = -241*h + 25, -5*c - 4*h = 59. What is z(c)?
-7
Let q(k) = k**3 + 6*k**2 - 6*k + 5. Let z(s) = -9*s**2 - s**3 - 5*s**2 + 9 + 2*s**2 + 8*s. Let d be z(-13). Let a be d/(-12) + (-25)/30. Calculate q(a).
-2
Let l(p) be the first derivative of -1/120*p**5 + 0*p + 4/3*p**3 + 0*p**2 + 7/24*p**4 - 16. Let q(a) be the third derivative of l(a). What is q(6)?
1
Let s(d) = -4*d + 61. Let u(t) = -7*t - 2. Let c(y) = s(y) - 2*u(y). Calculate c(-7).
-5
Let l(j) = -3*j + 1. Let v(o) = o - 5. Let h be v(5). Suppose 3*b + 16 - 37 = h. Suppose 0 = -5*d - s - s + 11, -4*s = -5*d - b. What is l(d)?
-2
Let l be 0 - 4 - (-51 + 47). Let i(b) = -4 - b**2 + 0 - 47*b + 46*b + 6. Determine i(l).
2
Let x(v) be the first derivative of -53 - 3/2*v**2 - 1/3*v**3 - 2*v. Determine x(-4).
-6
Let v(l) = -l**2 + 2*l**2 + 0*l**2 - l. Let d(x) be the first derivative of -x**2 - 7*x + 16. Let r be d(-2). What is v(r)?
12
Let a(r) be the second derivative of -r**3/2 + 180*r + 18. Let g be (-22)/4 - (-1)/(-2). What is a(g)?
18
Let j be (4/(-6) + 164/12)*(0 + 1). Let g(v) = -v**2 - 5*v + 230. Determine g(j).
-4
Let p(w) = 35*w**2 + 8*w**3 - 485*w + 27*w**2 + 26 + 459*w - 63*w**2. Give p(1).
7
Let s = -8 - -6. Let r be (-6)/8*(s - 2). Let f(d) = 6 - r*d - 4 + 7*d - 2*d. Give f(-3).
-4
Let z(n) = -n**2 + 35*n + 78. Suppose -175*r + 1994 = -4481. Give z(r).
4
Let p(n) = -2*n + 88. Let q be p(25). Let t(d) = -q - 22*d + 21*d + 42. Give t(-5).
9
Let v = -4 + 6. Let l(f) be the third derivative of 1/6*f**4 + 0*f - 7*f**2 + 0 + 1/6*f**3. Give l(v).
9
Let o(z) be the second derivative of -z**3/2 - z**2/2 + 903*z. Suppose -2*w = -3*w + 2. Suppose w = -k - k. Calculate o(k).
2
Suppose -r - 4*l + 3 = 0, -2*r - 5*l - 2 + 8 = 0. Suppose r*m - i = -6*i + 30, -m = -3*i - 10. Let f(g) = -27*g + m*g + 2 + 16*g. Calculate f(-4).
6
Let u(f) be the first derivative of -3*f**2 - f + 471. Suppose 4*n = -11*n - 90. Give u(n).
35
Let k(y) = -2*y**2 + 30*y - 17. Let p(m) = -682*m - 1351. Let g be p(-2). Give k(g).
35
Let l(f) = -4*f + 13. Suppose -4*b + 16 = 5*k, -2*b + 190 - 196 = -k. Determine l(k).
-3
Let m(s) = -s**2 + 3*s - 6. Let n(l) = -2*l**3 + 22*l**2 + l - 7. Let u(x) = -4*x - 2 - 4 + 7*x**2 + 3 + 2 - x**3. Let c be u(6). Let d be n(c). Determine m(d).
-10
Let y(c) = -6*c - 6. Let s(j) = -2*j - 9. Let q(h) = -s(h) + 2*y(h). Determine q(1).
-13
Let i(n) = -6*n + 12. Let x be (-32)/(-2)*(-42)/(-84). What is i(x)?
-36
Let r(o) be the second derivative of o**3/3 + 3*o**2/2 - 2*o - 4. Let m = 70 + -72. What is r(m)?
-1
Let x(z) = -z**3 - 6*z**2 + 24*z + 104. Let n be x(-7). Let r(j) = 4*j + 66. Determine r(n).
6
Let f(z) be the third derivative of -z**4/8 - 23*z**3/6 - 1743*z**2 + 2. Give f(2).
-29
Suppose -3*x + 18 = -3*m - 0*m, 0 = -3*m - 2*x - 33. Let a be (5/1)/15*m. Let j be a/(3/(-2)) + (2 - -2). Let s(k) = -k**3 + 7*k**2 - 4*k + 6. Determine s(j).
18
Let z(h) = h**2 - 3*h - 93. Suppose 0 = 3*f - 2*m + 20, 2*m + 2 = 2*f + 14. Calculate z(f).
-5
Let v = -477 + 447. Let o(g) = -g**3 - 31*g**2 - 31*g - 27. Calculate o(v).
3
Let y(j) = -39*j + 7. Let s be y(3). Let m = s + 109. Let q(i) be the first derivative of i**4/2 - 2*i**3/3 + i - 3. Give q(m).
-3
Let l(y) = -11*y**2 - 205 + 409 - 130*y - 182. What is l(-12)?
-2
Suppose 5*o - 44 = -4*k, -6*o = -2*k - 2*o - 4. Suppose -k*n + 83 = 5. Let f(l) = l**2 - 13*l + 12. Determine f(n).
12
Let b(s) = -5*s + 39. Suppose 866*z + 9 = 860*z + 81. What is b(z)?
-21
Let t(b) = -94*b + 572. Let j = -6997 - -7003. Calculate t(j).
8
Let b = -148 - -150. Let g(c) = -2*c**3 - 14*c**2 + 6*c - 1. Let m(h) = h**3 + 5*h**2 - 3*h + 1. Let w(n) = -2*g(n) - 5*m(n). What is w(b)?
7
Let i = 8 - 6. Let g = -27 - -62. Let d(x) = i - 34*x - 1 + g*x. Give d(-3).
-2
Let b(p) = -2*p - 24095 + 8*p + 24093 + p**2. Let u(t) be the second derivative of -t**5/20 + t**4/4 - t**3/6 + 2*t. Let w be u(3). Determine b(w).
-11
Let u(c) = 8*c + 9. Suppose -34 - 66 = 13*q + 12*q. What is u(q)?
-23
Suppose -1555 = 4*a - 2*k - 383, a + 2*k + 298 = 0. Let o be (a/343)/(3/(-7)). Let t(r) = -4*r**2 + 4. Give t(o).
-12
Let i(b) be the first derivative of b**4/6 + 40*b**2 - 169. Let u(h) be the second derivative of i(h). What is u(-2)?
-8
Let l(t) be the second derivative of t**5/20 + t**4/2 + t**3/2 - t**2 + 283*t - 1. Give l(-4).
18
Let p(x) = x**3 - 2*x**2 - 32*x + 3. Let q be p(0). Let z(g) be the third derivative of g**4/24 - g**3 - 2*g**